Let x(o) = 4*o**2 - 10. Let w be x(-3). Let r = 24 - w. List the prime factors of 2*(-131)/r + 0/(-35).
131
Let l = 8967 + -5254. What are the prime factors of l?
47, 79
Let c = 38585 - 22102. List the prime factors of c.
53, 311
Let p(x) be the third derivative of x**5/3 - x**4/6 - 5*x**3/6 + 7*x**2. Let w be p(-4). Let c = w - 212. What are the prime factors of c?
7, 17
Suppose -6*a = -a - 565. Suppose 167 = 2*v - a. Let d = v + -32. What are the prime factors of d?
2, 3
Let l(u) = 4*u + 5. Let p be l(4). Suppose 0*g + w + p = 2*g, 5*g = 3*w + 55. What are the prime factors of (-3)/(g/(-12) - (-2)/(-6))?
3
Suppose -5*u - 4*f = -10*u + 627, 4*u - 486 = -2*f. Suppose -h - 10 + u = 0. What are the prime factors of h?
113
Let z be 4/34 + (-607125)/(-255). Let t = z + -1327. What are the prime factors of t?
2, 17, 31
Let i be (1/(-1))/((-21)/210). Suppose i*s + 188 = 468. Suppose -s*g = -21*g - 1113. What are the prime factors of g?
3, 53
Let m(g) = 90*g - 45. Let n be m(-4). Suppose 447 + 481 = -4*p. Let d = p - n. What are the prime factors of d?
173
List the prime factors of 473/215 - (-12818)/10.
2, 3, 107
Suppose -151*i + 8841843 = 193*i + 2477155. List the prime factors of i.
2, 11, 29
Let w(q) = -11*q**3 + 10*q**2 + 5*q - 30. Let u be w(-7). Suppose 4*k - 5578 = 3*v, -4*k + k = 5*v - u. What are the prime factors of k?
2, 349
Let x(o) = o**2 + 9*o - 2. Let w be x(-10). Let l(k) = -k**2 + 9*k + 26. List the prime factors of l(w).
2, 17
Suppose -2630914 - 3714765 = -194*f + 631143. What are the prime factors of f?
35963
List the prime factors of (-15)/(-4)*(-20 - (-832)/39) + 20693.
2, 79, 131
Let d be (-10)/(-35) - (-524)/28. Let c(h) = -29*h - 153*h + 20 - d. What are the prime factors of c(-1)?
3, 61
Let x = -316 + 312. Let h(z) = -167*z + 83. What are the prime factors of h(x)?
751
Suppose 0 = -4*w - 3*u + 53732, -3*u + 13442 = 671*w - 670*w. What are the prime factors of w?
2, 5, 17, 79
Suppose 2028 + 1773 = 3*l. Let m = l - 627. List the prime factors of m.
2, 5
Suppose 19*s = 20*s + 366. Let y = s - -601. What are the prime factors of y?
5, 47
Let j(a) = 213*a - 25. Let y(k) = -212*k + 26. Let p(i) = 2*j(i) + 3*y(i). Let s be p(-3). Suppose -2*c + 9*c = s. List the prime factors of c.
2, 47
Let t be (2 - (-132)/(-30))*10/3. Let y = t - -167. List the prime factors of y.
3, 53
Let a be (-9)/(-3) - 1606/(-2). Suppose 0*f - a = -4*u - f, 10 = -5*f. What are the prime factors of u?
2, 101
Let d(l) = -90*l**3 - 2*l**2 + 21*l - 233. List the prime factors of d(-8).
11, 41, 101
Suppose -4*u = -2*u + 10, -y + 9 = -3*u. Let n be (-21)/28 - y/8. Suppose -2*z + 298 - 44 = n. What are the prime factors of z?
127
Let q = -548 + 3122. Let w be 20/(-6)*q/(-65). Suppose -38 = -2*p + w. What are the prime factors of p?
5, 17
Let o = 76 - 5. Let i = -69 + o. Suppose -2*c - i*c = 12, 5*j = c + 653. What are the prime factors of j?
2, 5, 13
Let o = -276 - -258. List the prime factors of (-20768)/o + ((-10)/45)/(-1).
2, 577
Let n(b) = 7*b**2 + 246*b + 975. List the prime factors of n(53).
2, 8419
Let g = 27857 + -15819. What are the prime factors of g?
2, 13, 463
Let b = 624 - 370. Let c = -310 + 186. Let j = b + c. What are the prime factors of j?
2, 5, 13
What are the prime factors of (296695/(-980))/(1/(-20) - 0)?
5, 7, 173
Suppose 1898 = -19*o + 8681. Let d = o - -51. List the prime factors of d.
2, 3, 17
Let x(s) = 1498*s - 587. What are the prime factors of x(5)?
3, 13, 59
Suppose 4*g + 136 = 128. What are the prime factors of g/(-13) - (-206906)/182?
3, 379
Suppose 0 = -3*k + 294*j - 291*j + 4638, 0 = -5*k + 3*j + 7732. What are the prime factors of k?
7, 13, 17
Let x(t) = 88*t + 8068. List the prime factors of x(0).
2, 2017
List the prime factors of -21*52/637*11606/(-4).
2, 3, 829
Suppose -135*j + 15 = -134*j. List the prime factors of (2 + j)/((-55)/(-9) - 6).
3, 17
Let x(d) = d**2 - 4*d + 3. Let s be x(1). Suppose -554 = -w - s*w + y, -5*w - y = -2740. List the prime factors of w.
3, 61
Let v = -37 - -40. Suppose -v*m = -2*m - 310. Suppose -2*h - x = -127, 2*h + x = -3*h + m. List the prime factors of h.
61
Let z be 1*3*-19 - -4. Let u = z - -58. Suppose -u*f - 39 = -384. List the prime factors of f.
3, 23
Let g = -21452 - -39212. What are the prime factors of g?
2, 3, 5, 37
Suppose -58573 = -33*p + 150713. List the prime factors of p.
2, 3, 7, 151
Let v = 1477 - -535. Suppose -3*m - 5*n = -1509, -4*m + 0*n - 3*n = -v. What are the prime factors of m?
503
Let k = -8351 - -19970. What are the prime factors of k?
3, 1291
Suppose 0 = -5*h - 78 + 3. Let t be 4630/25 - 12/h. What are the prime factors of t/3*(-4)/32*-4?
31
Let p be (-1 - -2)*(-3 + 1 + -1). Let n be 1 - (-15 + 1 + p). Suppose -290 = -4*c + n. List the prime factors of c.
7, 11
Let m(a) be the third derivative of 5*a**4/12 + a**3/3 - a**2 + 85. Let w(h) = -h**2 + 8*h - 3. Let z be w(7). List the prime factors of m(z).
2, 3, 7
Suppose 0 = -5*x - 20, 5*p + 5*x = 60897 + 40933. List the prime factors of p.
2, 3, 5, 7, 97
Let u = -210 - -213. Suppose 564 = -3*t + 5*t. Suppose -t = -4*z - c + 355, 647 = 4*z + u*c. What are the prime factors of z?
2, 79
Let d = 143 + -140. Let k be (16/6)/(-2)*(-12)/8. Suppose 5*i + d*j + j = 875, -5*i + 845 = -k*j. What are the prime factors of i?
3, 19
Suppose -12 = 82*p - 78*p. Let a be 26895/(-11)*1/p. Suppose -1307 = -4*i + 2*x - 235, -3*i + a = 4*x. What are the prime factors of i?
269
Suppose -4*j = -5*w - 23277, 0 = 2*j + 4*w - 3*w - 11649. List the prime factors of j.
3, 647
Let n = -584 - -586. List the prime factors of (3 - 2*(-1)/n) + 1419.
1423
Let q(w) = -40*w**3 - 97*w**2 - 895*w + 24. What are the prime factors of q(-9)?
2, 3, 59, 83
Suppose -500*p = -425*p - 357825. List the prime factors of p.
13, 367
Suppose 36*w - 348 = 40*w. Let o be (1/(-3))/((-29)/w). List the prime factors of 15/(30/(-4)) - (-179 + o).
2, 89
Suppose -2*u + 13938 = 4*c, -860 = 4*c - 4*u - 14756. What are the prime factors of c?
59
Let a = 12199 + -6110. What are the prime factors of a?
6089
Let a(x) = -x**3 - 6*x**2 - 2*x - 9. Let p be a(-6). Suppose -3*v = 12 - p, -n - 146 = 3*v. List the prime factors of (n + 3)/(-2 - 0).
67
Let o(i) = 36*i - 5. Let t be o(4). Let b = -58 + t. List the prime factors of (52/(-6))/((-54)/b).
13
Suppose -8*a + 3*w - 19 = -3*a, -3*w = -9. Let t(i) = 36*i + 4. Let b(d) = 37*d + 4. Let g(q) = -6*b(q) + 5*t(q). What are the prime factors of g(a)?
2, 5
Let k = 42 + -38. Let t be k/20 - (2 - 419/5). Let m = t - 64. List the prime factors of m.
2, 3
Let m = 22 + -2. Let k = -222 + 476. Let g = k + m. What are the prime factors of g?
2, 137
Let x(q) = -6*q + 35*q + 35 - 52. Suppose -40 = 3*s - 11*s. What are the prime factors of x(s)?
2
Let g(w) = -9*w - 1005. Let a(t) = -4*t - 501. Let s(o) = -13*a(o) + 6*g(o). What are the prime factors of s(0)?
3, 7, 23
Suppose -4*k = 3*u - 31, 3*u = 3*k - 0*u + 3. Suppose -k*f = -f - 1872. List the prime factors of f.
2, 3, 13
Let w(p) = -3*p**3 + 25*p**2 - 5*p + 47. Let s(j) = -j**3 + 13*j**2 - 3*j + 24. Let l(o) = 5*s(o) - 2*w(o). What are the prime factors of l(-11)?
5, 113
Suppose 2*k = -5*a - k + 57, 4*a - 48 = -3*k. Suppose 3*j - j + a = 5*n, -4*j - 5*n + 27 = 0. Suppose 72 = g + j*g. List the prime factors of g.
2, 3
List the prime factors of (271773/45)/(2/(180/6)).
3, 30197
Suppose 4*q - 736 = -4*w, 11*q + 10 = 6*q. Suppose -188*u + 3426 = -w*u. What are the prime factors of u?
3, 571
Suppose 0 = -8*s + 1456 + 4000. List the prime factors of (s - 0/(-3))/2.
11, 31
Let a = -4812 + 5261. What are the prime factors of a?
449
Let z(o) be the first derivative of -o**3/3 - 9*o**2/2 - 3*o + 17. Let w be z(-10). Let a = 40 - w. What are the prime factors of a?
53
Let v be 29/(-5) - 2/10. Let g be 6*-2*(-4)/v. What are the prime factors of 9 + -2 - g/(-4)?
5
Suppose 0 = -3*f + 1668*d - 1667*d + 84826, 2*d = 5*f - 141375. What are the prime factors of f?
28277
Let q = -347 - -549. Suppose -w + q - 1902 = -4*a, -840 = -2*a - 2*w. What are the prime factors of a?
2, 53
Let k be (-6)/7*105/(-45). Suppose -1385 - 415 = -k*n + 4*h, -3*h = -n + 903. What are the prime factors of n?
2, 3, 149
Let f = 284 - 212. List the prime factors of (-32)/f + 11352/27.
2, 3, 5, 7
Suppose 4*x + 2*d = 3*d + 159, x - 3*d - 4